{"id":57,"date":"2013-02-11T15:17:03","date_gmt":"2013-02-11T14:17:03","guid":{"rendered":"http:\/\/my-alps.de\/?page_id=57"},"modified":"2014-03-10T18:45:13","modified_gmt":"2014-03-10T17:45:13","slug":"vorfreude","status":"publish","type":"page","link":"http:\/\/my-alps.de\/?page_id=57","title":{"rendered":"&#8230;und &#8211; wie kommt man am Besten hin?"},"content":{"rendered":"<p>..das ist die Frage die uns ziemlich lange besch\u00e4ftigt hat, aber, am 22.10.2013 geht es mit dem Schiff von Hamburg nach Uruguay in den Hafen von Montevideo.<br \/>\nWir haben ziemlich viele Reiseberichte aus dem S\u00fcdamerika Forum durchgelesen und uns \u00fcberlegt ob wir unser Wohnmobil alleine verschiffen und hinterherfliegen &#8211; oder ob wir uns zum Anfang gleich eine sch\u00f6ne Kreuzfahrt auf einem Frachter g\u00f6nnen.<\/p>\n<p>Wir haben uns f\u00fcr die Kreuzfahrt entschieden!<\/p>\n<p>Nach all&#8216; den Recherchen und Informationen die uns das Netz bietet sind wir nat\u00fcrlich auch bei Grimaldi Lines gelandet &#8211; und bei WOIK, wo wir schlie\u00dflich gebucht haben.<br \/>\nDas Angebot der Reederei auf dem gleichen Schiff mitzufahren wie unser Wohnmobil hat uns \u00fcberzeugt. Ausserdem &#8211; was gibt es besseres als gleich zum Beginn der Reise knapp 30 Tage kaum erreichbar zu sein? So kann sich die Familie zu Hause gleich daran gew\u00f6hnen das man ab und zu nichts von uns h\u00f6ren wird ohne gleich das schlimmste zu bef\u00fcrchten.<br \/>\nOk &#8211; 30 Tage Frachtschiffkreuzfahrt sind bestimmt nicht so &#8222;animiert&#8220; wie auf der Aida &#8211; aber das wollen wir ja auch nicht. Lieber die ganzen Reisef\u00fchrer durchst\u00f6bern und noch etwas an unserem Spanisch feilen. (Ausserdem habe ich genug H\u00f6rb\u00fccher dabei).<br \/>\nIch finde die Sache mit der langen \u00dcberfahrt eh&#8216; ziemlich spannend den ich bin damit der erste von den &#8222;baltic-pirates&#8220; der den Atlantik auf dem Wasser \u00fcberqueren wird.<br \/>\nWer die &#8222;baltic-pirates&#8220; sind? Na &#8211; schaut mal unter &#8222;www.baltic-pirates.com&#8220; nach.<br \/>\nWir pfl\u00fcgen also mitten durch das Feld der ARC &#8211; ich werde mal sehen ob ich ein paar Kollegen auf See antreffe.<\/p>\n<p>Weitere Info&#8217;s hier: <a title=\"Auf See mit der Grande Cameroon\" href=\"http:\/\/my-alps.de\/?page_id=466\">&#8222;Auf See mit der Grande Cameroon&#8220;<\/a><\/p>\n<p>&nbsp;<\/p>\n","protected":false},"excerpt":{"rendered":"<p>..das ist die Frage die uns ziemlich lange besch\u00e4ftigt hat, aber, am 22.10.2013 geht es mit dem Schiff von Hamburg nach Uruguay in den Hafen von Montevideo. Wir haben ziemlich viele Reiseberichte aus dem S\u00fcdamerika Forum durchgelesen und uns \u00fcberlegt ob wir unser Wohnmobil alleine verschiffen und hinterherfliegen &#8211; oder ob wir uns zum Anfang [&hellip;]<\/p>\n","protected":false},"author":1,"featured_media":0,"parent":0,"menu_order":0,"comment_status":"open","ping_status":"open","template":"","meta":{"spay_email":""},"jetpack_sharing_enabled":true,"jetpack_shortlink":"https:\/\/wp.me\/P6huce-V","jetpack-related-posts":[{"id":1203,"url":"http:\/\/my-alps.de\/?page_id=1203","url_meta":{"origin":57,"position":0},"title":"&#8230;wir, der Grund und unser WOMO","date":"4. Juni 2014","format":false,"excerpt":"\u00a0 Hallo - und ein herzliches \"Servus\" auf unserer Homepage die unsere Verbindung nach \"Zu Hause\" bleiben soll. Wir beide haben uns entschlossen dem regul\u00e4ren Arbeitsleben in Deutschland f\u00fcr eine Weile den R\u00fccken zu kehren und unseren Traum von einer Auszeit Realit\u00e4t werden zu lassen. Und weil wir \"weg\" wollten\u2026","rel":"","context":"\u00c4hnlicher Beitrag","img":{"alt_text":"","src":"https:\/\/i0.wp.com\/my-alps.de\/wp-content\/uploads\/2013\/02\/Unser-Bimobil-genannt-Boomer.jpg?resize=350%2C200","width":350,"height":200},"classes":[]},{"id":466,"url":"http:\/\/my-alps.de\/?page_id=466","url_meta":{"origin":57,"position":1},"title":"Auf See mit der Grande Cameroon","date":"17. Dezember 2013","format":false,"excerpt":"Was macht man denn 30 Tage auf einem Frachter? \u00a0 \u201eSie\u201c schreibt dazu: \u00a0 Diese Frage h\u00f6rten wir sehr oft in diesem Jahr. Ist es doch im Rahmen der normalen 30-Tage-Jahresurlaub-B\u00fcrger wie auch wir es bisher waren, UN VOR STELL BAR, derart die Zeit zu verbringen. Ich hatte damit kein\u2026","rel":"","context":"\u00c4hnlicher Beitrag","img":{"alt_text":"","src":"https:\/\/i0.wp.com\/my-alps.de\/wp-content\/uploads\/2013\/12\/Freideck.jpg?resize=350%2C200","width":350,"height":200},"classes":[]},{"id":789,"url":"http:\/\/my-alps.de\/?page_id=789","url_meta":{"origin":57,"position":2},"title":"BIMOBIL VL 326","date":"4. M\u00e4rz 2014","format":false,"excerpt":"F\u00fcr Interessierte stelle ich mal ein paar Fakten von unserem mobilen Heim zu Verf\u00fcgung. Eventuell tr\u00e4gt sich ja jemand mit dem Gedanken auch f\u00fcr l\u00e4ngere Zeit mit dem WOMO zu verreisen. Und gute Tipps kann man(n) ja immer gut gebrauchen. Wie ich auf unserer Startseite schon geschrieben hatte, sind wir\u2026","rel":"","context":"Mit 4 Kommentaren","img":{"alt_text":"","src":"https:\/\/i0.wp.com\/my-alps.de\/wp-content\/uploads\/2014\/03\/Powerschrank.jpg?resize=350%2C200","width":350,"height":200},"classes":[]},{"id":592,"url":"http:\/\/my-alps.de\/?page_id=592","url_meta":{"origin":57,"position":3},"title":"Uruguay und Montevideo","date":"27. Januar 2014","format":false,"excerpt":"Nachdem wir in Montevideo unseren Frachter verlassen, die Zollformalit\u00e4ten erledig haben, sind wir auf einmal in S\u00fcdamerika. Das Gute daran ist das wir in Uruguay gelandet sind. Uruguay ist nicht gerade der gr\u00f6sste Staat in S\u00fcdamerika, aber ich glaube der Liebevollste. Die Menschen hier sind sehr entspannt, jeder zweite l\u00e4uft\u2026","rel":"","context":"\u00c4hnlicher Beitrag","img":{"alt_text":"","src":"","width":0,"height":0},"classes":[]},{"id":2,"url":"http:\/\/my-alps.de\/?page_id=2","url_meta":{"origin":57,"position":4},"title":"C &#038; A","date":"26. Januar 2013","format":false,"excerpt":"Reiseerlebnisse zum nachlesen gibt es auf unserem Blog:Einfach durch die Schlagwortwolke klicken und st\u00f6bern! \"RR\" (ReiseRes\u00fcmee) Nachdem unsere S\u00fcdamerika Reise jetzt schon \"Vergangenheit\" ist, bleibt Zeit um ein Res\u00fcmee zu ziehen.Ein Jahr als Reisende unterwegs zu sein hat uns schon ver\u00e4ndert und den Blick f\u00fcr wesentliches und unwichtiges gesch\u00e4rft.So lautet\u2026","rel":"","context":"Mit 2 Kommentaren","img":{"alt_text":"","src":"https:\/\/i0.wp.com\/my-alps.de\/wp-content\/uploads\/2013\/01\/Bullauge-12x12.jpg?resize=350%2C200","width":350,"height":200},"classes":[]},{"id":533,"url":"http:\/\/my-alps.de\/?page_id=533","url_meta":{"origin":57,"position":5},"title":"Gaiman und die Grillmeister","date":"7. Januar 2014","format":false,"excerpt":"Gaiman - das \u00fcberrascht wir hatten nicht viel gelesen \u00fcber dieses kleine walisische \u00d6rtchen - es sollte nichts besonderes sein und nur eine Nacht als Schlafplatz dienen. Kleine walisische D\u00f6rfer sind aber irgendwie - anders. Die H\u00e4uschen sind putzig und laden alle zum Tee, und dann landen wir auf einmal\u2026","rel":"","context":"\u00c4hnlicher Beitrag","img":{"alt_text":"","src":"","width":0,"height":0},"classes":[]}],"_links":{"self":[{"href":"http:\/\/my-alps.de\/index.php?rest_route=\/wp\/v2\/pages\/57"}],"collection":[{"href":"http:\/\/my-alps.de\/index.php?rest_route=\/wp\/v2\/pages"}],"about":[{"href":"http:\/\/my-alps.de\/index.php?rest_route=\/wp\/v2\/types\/page"}],"author":[{"embeddable":true,"href":"http:\/\/my-alps.de\/index.php?rest_route=\/wp\/v2\/users\/1"}],"replies":[{"embeddable":true,"href":"http:\/\/my-alps.de\/index.php?rest_route=%2Fwp%2Fv2%2Fcomments&post=57"}],"version-history":[{"count":6,"href":"http:\/\/my-alps.de\/index.php?rest_route=\/wp\/v2\/pages\/57\/revisions"}],"predecessor-version":[{"id":829,"href":"http:\/\/my-alps.de\/index.php?rest_route=\/wp\/v2\/pages\/57\/revisions\/829"}],"wp:attachment":[{"href":"http:\/\/my-alps.de\/index.php?rest_route=%2Fwp%2Fv2%2Fmedia&parent=57"}],"curies":[{"name":"wp","href":"https:\/\/api.w.org\/{rel}","templated":true}]}}

<p>..das ist die Frage die uns ziemlich lange beschäftigt hat, aber, am 22.10.2013 geht es mit dem Schiff von Hamburg nach Uruguay in den Hafen von Montevideo.<br />
Wir haben ziemlich viele Reiseberichte aus dem Südamerika Forum durchgelesen und uns überlegt ob wir unser Wohnmobil alleine verschiffen und hinterherfliegen &#8211; oder ob wir uns zum Anfang gleich eine schöne Kreuzfahrt auf einem Frachter gönnen.</p>
<p>Wir haben uns für die Kreuzfahrt entschieden!</p>
<p>Nach all&#8216; den Recherchen und Informationen die uns das Netz bietet sind wir natürlich auch bei Grimaldi Lines gelandet &#8211; und bei WOIK, wo wir schließlich gebucht haben.<br />
Das Angebot der Reederei auf dem gleichen Schiff mitzufahren wie unser Wohnmobil hat uns überzeugt. Ausserdem &#8211; was gibt es besseres als gleich zum Beginn der Reise knapp 30 Tage kaum erreichbar zu sein? So kann sich die Familie zu Hause gleich daran gewöhnen das man ab und zu nichts von uns hören wird ohne gleich das schlimmste zu befürchten.<br />
Ok &#8211; 30 Tage Frachtschiffkreuzfahrt sind bestimmt nicht so &#8222;animiert&#8220; wie auf der Aida &#8211; aber das wollen wir ja auch nicht. Lieber die ganzen Reiseführer durchstöbern und noch etwas an unserem Spanisch feilen. (Ausserdem habe ich genug Hörbücher dabei).<br />
Ich finde die Sache mit der langen Überfahrt eh&#8216; ziemlich spannend den ich bin damit der erste von den &#8222;baltic-pirates&#8220; der den Atlantik auf dem Wasser überqueren wird.<br />
Wer die &#8222;baltic-pirates&#8220; sind? Na &#8211; schaut mal unter &#8222;www.baltic-pirates.com&#8220; nach.<br />
Wir pflügen also mitten durch das Feld der ARC &#8211; ich werde mal sehen ob ich ein paar Kollegen auf See antreffe.</p>
<p>Weitere Info&#8217;s hier: <a title="Auf See mit der Grande Cameroon" href="http://my-alps.de/?page_id=466">&#8222;Auf See mit der Grande Cameroon&#8220;</a></p>
<p>&nbsp;</p>

<p>..das ist die Frage die uns ziemlich lange beschäftigt hat, aber, am 22.10.2013 geht es mit dem Schiff von Hamburg nach Uruguay in den Hafen von Montevideo. Wir haben ziemlich viele Reiseberichte aus dem Südamerika Forum durchgelesen und uns überlegt ob wir unser Wohnmobil alleine verschiffen und hinterherfliegen &#8211; oder ob wir uns zum Anfang [&hellip;]</p>

Hallo - und ein herzliches "Servus" auf unserer Homepage die unsere Verbindung nach "Zu Hause" bleiben soll. Wir beide haben uns entschlossen dem regulären Arbeitsleben in Deutschland für eine Weile den Rücken zu kehren und unseren Traum von einer Auszeit Realität werden zu lassen. Und weil wir "weg" wollten…

Ähnlicher Beitrag

Was macht man denn 30 Tage auf einem Frachter?   „Sie“ schreibt dazu:   Diese Frage hörten wir sehr oft in diesem Jahr. Ist es doch im Rahmen der normalen 30-Tage-Jahresurlaub-Bürger wie auch wir es bisher waren, UN VOR STELL BAR, derart die Zeit zu verbringen. Ich hatte damit kein…

4. März 2014

Für Interessierte stelle ich mal ein paar Fakten von unserem mobilen Heim zu Verfügung. Eventuell trägt sich ja jemand mit dem Gedanken auch für längere Zeit mit dem WOMO zu verreisen. Und gute Tipps kann man(n) ja immer gut gebrauchen. Wie ich auf unserer Startseite schon geschrieben hatte, sind wir…

Nachdem wir in Montevideo unseren Frachter verlassen, die Zollformalitäten erledig haben, sind wir auf einmal in Südamerika. Das Gute daran ist das wir in Uruguay gelandet sind. Uruguay ist nicht gerade der grösste Staat in Südamerika, aber ich glaube der Liebevollste. Die Menschen hier sind sehr entspannt, jeder zweite läuft…

Reiseerlebnisse zum nachlesen gibt es auf unserem Blog:Einfach durch die Schlagwortwolke klicken und stöbern! "RR" (ReiseResümee) Nachdem unsere Südamerika Reise jetzt schon "Vergangenheit" ist, bleibt Zeit um ein Resümee zu ziehen.Ein Jahr als Reisende unterwegs zu sein hat uns schon verändert und den Blick für wesentliches und unwichtiges geschärft.So lautet…

Gaiman - das überrascht wir hatten nicht viel gelesen über dieses kleine walisische Örtchen - es sollte nichts besonderes sein und nur eine Nacht als Schlafplatz dienen. Kleine walisische Dörfer sind aber irgendwie - anders. Die Häuschen sind putzig und laden alle zum Tee, und dann landen wir auf einmal…
