{"id":533,"date":"2014-01-07T22:58:39","date_gmt":"2014-01-07T21:58:39","guid":{"rendered":"http:\/\/my-alps.de\/?page_id=533"},"modified":"2014-01-07T23:06:29","modified_gmt":"2014-01-07T22:06:29","slug":"gaiman-und-die-grillmeister","status":"publish","type":"page","link":"http:\/\/my-alps.de\/?page_id=533","title":{"rendered":"Gaiman und die Grillmeister"},"content":{"rendered":"<p>Gaiman &#8211; das \u00fcberrascht wir hatten nicht viel gelesen \u00fcber dieses kleine walisische \u00d6rtchen &#8211; es sollte nichts besonderes sein und nur eine Nacht als Schlafplatz dienen. Kleine walisische D\u00f6rfer sind aber irgendwie &#8211; anders. Die H\u00e4uschen sind putzig und laden alle zum Tee, und dann landen wir auf einmal bei Alice im Wunderland (wir reisen noch immer durch Argentinien!!). Das war aber noch nicht der Campingplatz, der befand sich n\u00e4mlich direkt bei der Freiwilligen Feuerwehr Gaiman. Es war Samstag nachmittag und wie es sich geh\u00f6rte, war da auch eine gescheite Feuerwehr\u00fcbung &#8211; aufgestellt und nach rechts marschiert &#8211; links, und wieder rechts, gut gemacht. Die hatten richtig Freude daran, diese \u00dcbung Publikum zu pr\u00e4sentieren, und ganz ehrlich: es war toll. Anschlie\u00dfend kam das \u00e4lteste Feuerwehrauto raus und wurde mit einem Weihnachtsmann und Lichterketten verziert. Dann: Alarmstufe rot, die Sirene ging los. Ich bin vom Land und kenne die typische Feuerwehr\u00fcbung fr\u00fch um elf &#8211; da fangen sie alle zu rasen an. Aber wenn mein Vater das mit der Sirene seinem Freund und seines Zeichens (hoffentlich ist das jetzt richtig) Kreisbrandinspektor Georg und dem B\u00fcrgermeister erz\u00e4hlt, was die f\u00fcr eine Sirene haben, jungejunge, da wird es in der Heimat wohl Ver\u00e4nderungen geben &#8211; m\u00fcssen. Ne, ne, Spa\u00df bei Seite, die Sirene war einfach unheimlich laut und die Feuerwehrm\u00e4nner d\u00fcsten in dem &#8222;richtigen&#8220;, sprich modernen Feuerwehrauto los. Wie sie uns am n\u00e4chsten Tag ganz stolz berichteten war das auch keine \u00dcbung, sondern ernst. Vermutlich hat die Alice wieder irgendwelchen Bl\u00f6dsinn getrieben &#8211; ist aber nur eine Vermutung. Gaiman: top!<\/p>\n","protected":false},"excerpt":{"rendered":"<p>Gaiman &#8211; das \u00fcberrascht wir hatten nicht viel gelesen \u00fcber dieses kleine walisische \u00d6rtchen &#8211; es sollte nichts besonderes sein und nur eine Nacht als Schlafplatz dienen. Kleine walisische D\u00f6rfer sind aber irgendwie &#8211; anders. Die H\u00e4uschen sind putzig und laden alle zum Tee, und dann landen wir auf einmal bei Alice im Wunderland (wir [&hellip;]<\/p>\n","protected":false},"author":1,"featured_media":0,"parent":225,"menu_order":0,"comment_status":"open","ping_status":"open","template":"","meta":{"spay_email":""},"jetpack_sharing_enabled":true,"jetpack_shortlink":"https:\/\/wp.me\/P6huce-8B","jetpack-related-posts":[{"id":466,"url":"http:\/\/my-alps.de\/?page_id=466","url_meta":{"origin":533,"position":0},"title":"Auf See mit der Grande Cameroon","date":"17. Dezember 2013","format":false,"excerpt":"Was macht man denn 30 Tage auf einem Frachter? \u00a0 \u201eSie\u201c schreibt dazu: \u00a0 Diese Frage h\u00f6rten wir sehr oft in diesem Jahr. Ist es doch im Rahmen der normalen 30-Tage-Jahresurlaub-B\u00fcrger wie auch wir es bisher waren, UN VOR STELL BAR, derart die Zeit zu verbringen. Ich hatte damit kein\u2026","rel":"","context":"\u00c4hnlicher Beitrag","img":{"alt_text":"","src":"https:\/\/i0.wp.com\/my-alps.de\/wp-content\/uploads\/2013\/12\/Freideck.jpg?resize=350%2C200","width":350,"height":200},"classes":[]},{"id":789,"url":"http:\/\/my-alps.de\/?page_id=789","url_meta":{"origin":533,"position":1},"title":"BIMOBIL VL 326","date":"4. M\u00e4rz 2014","format":false,"excerpt":"F\u00fcr Interessierte stelle ich mal ein paar Fakten von unserem mobilen Heim zu Verf\u00fcgung. Eventuell tr\u00e4gt sich ja jemand mit dem Gedanken auch f\u00fcr l\u00e4ngere Zeit mit dem WOMO zu verreisen. Und gute Tipps kann man(n) ja immer gut gebrauchen. Wie ich auf unserer Startseite schon geschrieben hatte, sind wir\u2026","rel":"","context":"Mit 4 Kommentaren","img":{"alt_text":"","src":"https:\/\/i0.wp.com\/my-alps.de\/wp-content\/uploads\/2014\/03\/Powerschrank.jpg?resize=350%2C200","width":350,"height":200},"classes":[]},{"id":592,"url":"http:\/\/my-alps.de\/?page_id=592","url_meta":{"origin":533,"position":2},"title":"Uruguay und Montevideo","date":"27. Januar 2014","format":false,"excerpt":"Nachdem wir in Montevideo unseren Frachter verlassen, die Zollformalit\u00e4ten erledig haben, sind wir auf einmal in S\u00fcdamerika. Das Gute daran ist das wir in Uruguay gelandet sind. Uruguay ist nicht gerade der gr\u00f6sste Staat in S\u00fcdamerika, aber ich glaube der Liebevollste. Die Menschen hier sind sehr entspannt, jeder zweite l\u00e4uft\u2026","rel":"","context":"\u00c4hnlicher Beitrag","img":{"alt_text":"","src":"","width":0,"height":0},"classes":[]},{"id":1203,"url":"http:\/\/my-alps.de\/?page_id=1203","url_meta":{"origin":533,"position":3},"title":"&#8230;wir, der Grund und unser WOMO","date":"4. Juni 2014","format":false,"excerpt":"\u00a0 Hallo - und ein herzliches \"Servus\" auf unserer Homepage die unsere Verbindung nach \"Zu Hause\" bleiben soll. Wir beide haben uns entschlossen dem regul\u00e4ren Arbeitsleben in Deutschland f\u00fcr eine Weile den R\u00fccken zu kehren und unseren Traum von einer Auszeit Realit\u00e4t werden zu lassen. Und weil wir \"weg\" wollten\u2026","rel":"","context":"\u00c4hnlicher Beitrag","img":{"alt_text":"","src":"https:\/\/i0.wp.com\/my-alps.de\/wp-content\/uploads\/2013\/02\/Unser-Bimobil-genannt-Boomer.jpg?resize=350%2C200","width":350,"height":200},"classes":[]},{"id":57,"url":"http:\/\/my-alps.de\/?page_id=57","url_meta":{"origin":533,"position":4},"title":"&#8230;und &#8211; wie kommt man am Besten hin?","date":"11. Februar 2013","format":false,"excerpt":"..das ist die Frage die uns ziemlich lange besch\u00e4ftigt hat, aber, am 22.10.2013 geht es mit dem Schiff von Hamburg nach Uruguay in den Hafen von Montevideo. Wir haben ziemlich viele Reiseberichte aus dem S\u00fcdamerika Forum durchgelesen und uns \u00fcberlegt ob wir unser Wohnmobil alleine verschiffen und hinterherfliegen - oder\u2026","rel":"","context":"\u00c4hnlicher Beitrag","img":{"alt_text":"","src":"","width":0,"height":0},"classes":[]},{"id":595,"url":"http:\/\/my-alps.de\/?page_id=595","url_meta":{"origin":533,"position":5},"title":"Tierra Del Fuego","date":"27. Januar 2014","format":false,"excerpt":"Feuerland - der Name bringt jeden Reisenden und Abenteurer zum schw\u00e4rmen. Unentdecktes Land, Wildnis und schweres Wetter machen es zu einer Herausforderung. \u00a0 Wir hatten es da ein wenig einfacher - wir sind auf unserer Reise in den S\u00fcden nach Ushuaia eh\u2019 durch Feuerland gefahren. Als die Seefahrer, die mit\u2026","rel":"","context":"\u00c4hnlicher Beitrag","img":{"alt_text":"","src":"","width":0,"height":0},"classes":[]}],"_links":{"self":[{"href":"http:\/\/my-alps.de\/index.php?rest_route=\/wp\/v2\/pages\/533"}],"collection":[{"href":"http:\/\/my-alps.de\/index.php?rest_route=\/wp\/v2\/pages"}],"about":[{"href":"http:\/\/my-alps.de\/index.php?rest_route=\/wp\/v2\/types\/page"}],"author":[{"embeddable":true,"href":"http:\/\/my-alps.de\/index.php?rest_route=\/wp\/v2\/users\/1"}],"replies":[{"embeddable":true,"href":"http:\/\/my-alps.de\/index.php?rest_route=%2Fwp%2Fv2%2Fcomments&post=533"}],"version-history":[{"count":3,"href":"http:\/\/my-alps.de\/index.php?rest_route=\/wp\/v2\/pages\/533\/revisions"}],"predecessor-version":[{"id":538,"href":"http:\/\/my-alps.de\/index.php?rest_route=\/wp\/v2\/pages\/533\/revisions\/538"}],"up":[{"embeddable":true,"href":"http:\/\/my-alps.de\/index.php?rest_route=\/wp\/v2\/pages\/225"}],"wp:attachment":[{"href":"http:\/\/my-alps.de\/index.php?rest_route=%2Fwp%2Fv2%2Fmedia&parent=533"}],"curies":[{"name":"wp","href":"https:\/\/api.w.org\/{rel}","templated":true}]}}

<p>Gaiman &#8211; das überrascht wir hatten nicht viel gelesen über dieses kleine walisische Örtchen &#8211; es sollte nichts besonderes sein und nur eine Nacht als Schlafplatz dienen. Kleine walisische Dörfer sind aber irgendwie &#8211; anders. Die Häuschen sind putzig und laden alle zum Tee, und dann landen wir auf einmal bei Alice im Wunderland (wir reisen noch immer durch Argentinien!!). Das war aber noch nicht der Campingplatz, der befand sich nämlich direkt bei der Freiwilligen Feuerwehr Gaiman. Es war Samstag nachmittag und wie es sich gehörte, war da auch eine gescheite Feuerwehrübung &#8211; aufgestellt und nach rechts marschiert &#8211; links, und wieder rechts, gut gemacht. Die hatten richtig Freude daran, diese Übung Publikum zu präsentieren, und ganz ehrlich: es war toll. Anschließend kam das älteste Feuerwehrauto raus und wurde mit einem Weihnachtsmann und Lichterketten verziert. Dann: Alarmstufe rot, die Sirene ging los. Ich bin vom Land und kenne die typische Feuerwehrübung früh um elf &#8211; da fangen sie alle zu rasen an. Aber wenn mein Vater das mit der Sirene seinem Freund und seines Zeichens (hoffentlich ist das jetzt richtig) Kreisbrandinspektor Georg und dem Bürgermeister erzählt, was die für eine Sirene haben, jungejunge, da wird es in der Heimat wohl Veränderungen geben &#8211; müssen. Ne, ne, Spaß bei Seite, die Sirene war einfach unheimlich laut und die Feuerwehrmänner düsten in dem &#8222;richtigen&#8220;, sprich modernen Feuerwehrauto los. Wie sie uns am nächsten Tag ganz stolz berichteten war das auch keine Übung, sondern ernst. Vermutlich hat die Alice wieder irgendwelchen Blödsinn getrieben &#8211; ist aber nur eine Vermutung. Gaiman: top!</p>

<p>Gaiman &#8211; das überrascht wir hatten nicht viel gelesen über dieses kleine walisische Örtchen &#8211; es sollte nichts besonderes sein und nur eine Nacht als Schlafplatz dienen. Kleine walisische Dörfer sind aber irgendwie &#8211; anders. Die Häuschen sind putzig und laden alle zum Tee, und dann landen wir auf einmal bei Alice im Wunderland (wir [&hellip;]</p>

Was macht man denn 30 Tage auf einem Frachter?   „Sie“ schreibt dazu:   Diese Frage hörten wir sehr oft in diesem Jahr. Ist es doch im Rahmen der normalen 30-Tage-Jahresurlaub-Bürger wie auch wir es bisher waren, UN VOR STELL BAR, derart die Zeit zu verbringen. Ich hatte damit kein…

Ähnlicher Beitrag

4. März 2014

Für Interessierte stelle ich mal ein paar Fakten von unserem mobilen Heim zu Verfügung. Eventuell trägt sich ja jemand mit dem Gedanken auch für längere Zeit mit dem WOMO zu verreisen. Und gute Tipps kann man(n) ja immer gut gebrauchen. Wie ich auf unserer Startseite schon geschrieben hatte, sind wir…

Nachdem wir in Montevideo unseren Frachter verlassen, die Zollformalitäten erledig haben, sind wir auf einmal in Südamerika. Das Gute daran ist das wir in Uruguay gelandet sind. Uruguay ist nicht gerade der grösste Staat in Südamerika, aber ich glaube der Liebevollste. Die Menschen hier sind sehr entspannt, jeder zweite läuft…

Hallo - und ein herzliches "Servus" auf unserer Homepage die unsere Verbindung nach "Zu Hause" bleiben soll. Wir beide haben uns entschlossen dem regulären Arbeitsleben in Deutschland für eine Weile den Rücken zu kehren und unseren Traum von einer Auszeit Realität werden zu lassen. Und weil wir "weg" wollten…

..das ist die Frage die uns ziemlich lange beschäftigt hat, aber, am 22.10.2013 geht es mit dem Schiff von Hamburg nach Uruguay in den Hafen von Montevideo. Wir haben ziemlich viele Reiseberichte aus dem Südamerika Forum durchgelesen und uns überlegt ob wir unser Wohnmobil alleine verschiffen und hinterherfliegen - oder…

Feuerland - der Name bringt jeden Reisenden und Abenteurer zum schwärmen. Unentdecktes Land, Wildnis und schweres Wetter machen es zu einer Herausforderung.   Wir hatten es da ein wenig einfacher - wir sind auf unserer Reise in den Süden nach Ushuaia eh’ durch Feuerland gefahren. Als die Seefahrer, die mit…
