{"id":53,"date":"2013-02-11T15:04:36","date_gmt":"2013-02-11T14:04:36","guid":{"rendered":"http:\/\/my-alps.de\/?page_id=53"},"modified":"2014-03-10T18:48:46","modified_gmt":"2014-03-10T17:48:46","slug":"tipps","status":"publish","type":"page","link":"http:\/\/my-alps.de\/?page_id=53","title":{"rendered":"Panamerikana und Info&#8217;s"},"content":{"rendered":"<p>Es gibt eine sehr gute Internetseite die fast alles was es zur Panamerikana Wissenswertes gibt zusammengestellt hat.<\/p>\n<p>Link:<\/p>\n<p><a href=\"http:\/\/panamericanainfo.com\/\">PanamericanaInfo.com<\/a><\/p>\n<p>Hier werden verschiedene Webseiten von Reisenden verwaltet und es gibt immer aktuelle Reiseinfo&#8217;s<\/p>\n","protected":false},"excerpt":{"rendered":"<p>Es gibt eine sehr gute Internetseite die fast alles was es zur Panamerikana Wissenswertes gibt zusammengestellt hat. Link: PanamericanaInfo.com Hier werden verschiedene Webseiten von Reisenden verwaltet und es gibt immer aktuelle Reiseinfo&#8217;s<\/p>\n","protected":false},"author":1,"featured_media":0,"parent":39,"menu_order":0,"comment_status":"open","ping_status":"open","template":"","meta":{"spay_email":""},"jetpack_sharing_enabled":true,"jetpack_shortlink":"https:\/\/wp.me\/P6huce-R","jetpack-related-posts":[{"id":2,"url":"http:\/\/my-alps.de\/?page_id=2","url_meta":{"origin":53,"position":0},"title":"C &#038; A","date":"26. Januar 2013","format":false,"excerpt":"Reiseerlebnisse zum nachlesen gibt es auf unserem Blog:Einfach durch die Schlagwortwolke klicken und st\u00f6bern! \"RR\" (ReiseRes\u00fcmee) Nachdem unsere S\u00fcdamerika Reise jetzt schon \"Vergangenheit\" ist, bleibt Zeit um ein Res\u00fcmee zu ziehen.Ein Jahr als Reisende unterwegs zu sein hat uns schon ver\u00e4ndert und den Blick f\u00fcr wesentliches und unwichtiges gesch\u00e4rft.So lautet\u2026","rel":"","context":"Mit 2 Kommentaren","img":{"alt_text":"","src":"https:\/\/i0.wp.com\/my-alps.de\/wp-content\/uploads\/2013\/01\/Bullauge-12x12.jpg?resize=350%2C200","width":350,"height":200},"classes":[]},{"id":57,"url":"http:\/\/my-alps.de\/?page_id=57","url_meta":{"origin":53,"position":1},"title":"&#8230;und &#8211; wie kommt man am Besten hin?","date":"11. Februar 2013","format":false,"excerpt":"..das ist die Frage die uns ziemlich lange besch\u00e4ftigt hat, aber, am 22.10.2013 geht es mit dem Schiff von Hamburg nach Uruguay in den Hafen von Montevideo. Wir haben ziemlich viele Reiseberichte aus dem S\u00fcdamerika Forum durchgelesen und uns \u00fcberlegt ob wir unser Wohnmobil alleine verschiffen und hinterherfliegen - oder\u2026","rel":"","context":"\u00c4hnlicher Beitrag","img":{"alt_text":"","src":"","width":0,"height":0},"classes":[]},{"id":789,"url":"http:\/\/my-alps.de\/?page_id=789","url_meta":{"origin":53,"position":2},"title":"BIMOBIL VL 326","date":"4. M\u00e4rz 2014","format":false,"excerpt":"F\u00fcr Interessierte stelle ich mal ein paar Fakten von unserem mobilen Heim zu Verf\u00fcgung. Eventuell tr\u00e4gt sich ja jemand mit dem Gedanken auch f\u00fcr l\u00e4ngere Zeit mit dem WOMO zu verreisen. Und gute Tipps kann man(n) ja immer gut gebrauchen. Wie ich auf unserer Startseite schon geschrieben hatte, sind wir\u2026","rel":"","context":"Mit 4 Kommentaren","img":{"alt_text":"","src":"https:\/\/i0.wp.com\/my-alps.de\/wp-content\/uploads\/2014\/03\/Powerschrank.jpg?resize=350%2C200","width":350,"height":200},"classes":[]},{"id":466,"url":"http:\/\/my-alps.de\/?page_id=466","url_meta":{"origin":53,"position":3},"title":"Auf See mit der Grande Cameroon","date":"17. Dezember 2013","format":false,"excerpt":"Was macht man denn 30 Tage auf einem Frachter? \u00a0 \u201eSie\u201c schreibt dazu: \u00a0 Diese Frage h\u00f6rten wir sehr oft in diesem Jahr. Ist es doch im Rahmen der normalen 30-Tage-Jahresurlaub-B\u00fcrger wie auch wir es bisher waren, UN VOR STELL BAR, derart die Zeit zu verbringen. Ich hatte damit kein\u2026","rel":"","context":"\u00c4hnlicher Beitrag","img":{"alt_text":"","src":"https:\/\/i0.wp.com\/my-alps.de\/wp-content\/uploads\/2013\/12\/Freideck.jpg?resize=350%2C200","width":350,"height":200},"classes":[]},{"id":533,"url":"http:\/\/my-alps.de\/?page_id=533","url_meta":{"origin":53,"position":4},"title":"Gaiman und die Grillmeister","date":"7. Januar 2014","format":false,"excerpt":"Gaiman - das \u00fcberrascht wir hatten nicht viel gelesen \u00fcber dieses kleine walisische \u00d6rtchen - es sollte nichts besonderes sein und nur eine Nacht als Schlafplatz dienen. Kleine walisische D\u00f6rfer sind aber irgendwie - anders. Die H\u00e4uschen sind putzig und laden alle zum Tee, und dann landen wir auf einmal\u2026","rel":"","context":"\u00c4hnlicher Beitrag","img":{"alt_text":"","src":"","width":0,"height":0},"classes":[]},{"id":592,"url":"http:\/\/my-alps.de\/?page_id=592","url_meta":{"origin":53,"position":5},"title":"Uruguay und Montevideo","date":"27. Januar 2014","format":false,"excerpt":"Nachdem wir in Montevideo unseren Frachter verlassen, die Zollformalit\u00e4ten erledig haben, sind wir auf einmal in S\u00fcdamerika. Das Gute daran ist das wir in Uruguay gelandet sind. Uruguay ist nicht gerade der gr\u00f6sste Staat in S\u00fcdamerika, aber ich glaube der Liebevollste. Die Menschen hier sind sehr entspannt, jeder zweite l\u00e4uft\u2026","rel":"","context":"\u00c4hnlicher Beitrag","img":{"alt_text":"","src":"","width":0,"height":0},"classes":[]}],"_links":{"self":[{"href":"http:\/\/my-alps.de\/index.php?rest_route=\/wp\/v2\/pages\/53"}],"collection":[{"href":"http:\/\/my-alps.de\/index.php?rest_route=\/wp\/v2\/pages"}],"about":[{"href":"http:\/\/my-alps.de\/index.php?rest_route=\/wp\/v2\/types\/page"}],"author":[{"embeddable":true,"href":"http:\/\/my-alps.de\/index.php?rest_route=\/wp\/v2\/users\/1"}],"replies":[{"embeddable":true,"href":"http:\/\/my-alps.de\/index.php?rest_route=%2Fwp%2Fv2%2Fcomments&post=53"}],"version-history":[{"count":5,"href":"http:\/\/my-alps.de\/index.php?rest_route=\/wp\/v2\/pages\/53\/revisions"}],"predecessor-version":[{"id":832,"href":"http:\/\/my-alps.de\/index.php?rest_route=\/wp\/v2\/pages\/53\/revisions\/832"}],"up":[{"embeddable":true,"href":"http:\/\/my-alps.de\/index.php?rest_route=\/wp\/v2\/pages\/39"}],"wp:attachment":[{"href":"http:\/\/my-alps.de\/index.php?rest_route=%2Fwp%2Fv2%2Fmedia&parent=53"}],"curies":[{"name":"wp","href":"https:\/\/api.w.org\/{rel}","templated":true}]}}

Reiseerlebnisse zum nachlesen gibt es auf unserem Blog:Einfach durch die Schlagwortwolke klicken und stöbern! "RR" (ReiseResümee) Nachdem unsere Südamerika Reise jetzt schon "Vergangenheit" ist, bleibt Zeit um ein Resümee zu ziehen.Ein Jahr als Reisende unterwegs zu sein hat uns schon verändert und den Blick für wesentliches und unwichtiges geschärft.So lautet…

..das ist die Frage die uns ziemlich lange beschäftigt hat, aber, am 22.10.2013 geht es mit dem Schiff von Hamburg nach Uruguay in den Hafen von Montevideo. Wir haben ziemlich viele Reiseberichte aus dem Südamerika Forum durchgelesen und uns überlegt ob wir unser Wohnmobil alleine verschiffen und hinterherfliegen - oder…

Ähnlicher Beitrag

4. März 2014

Für Interessierte stelle ich mal ein paar Fakten von unserem mobilen Heim zu Verfügung. Eventuell trägt sich ja jemand mit dem Gedanken auch für längere Zeit mit dem WOMO zu verreisen. Und gute Tipps kann man(n) ja immer gut gebrauchen. Wie ich auf unserer Startseite schon geschrieben hatte, sind wir…

Was macht man denn 30 Tage auf einem Frachter?   „Sie“ schreibt dazu:   Diese Frage hörten wir sehr oft in diesem Jahr. Ist es doch im Rahmen der normalen 30-Tage-Jahresurlaub-Bürger wie auch wir es bisher waren, UN VOR STELL BAR, derart die Zeit zu verbringen. Ich hatte damit kein…

Gaiman - das überrascht wir hatten nicht viel gelesen über dieses kleine walisische Örtchen - es sollte nichts besonderes sein und nur eine Nacht als Schlafplatz dienen. Kleine walisische Dörfer sind aber irgendwie - anders. Die Häuschen sind putzig und laden alle zum Tee, und dann landen wir auf einmal…

Nachdem wir in Montevideo unseren Frachter verlassen, die Zollformalitäten erledig haben, sind wir auf einmal in Südamerika. Das Gute daran ist das wir in Uruguay gelandet sind. Uruguay ist nicht gerade der grösste Staat in Südamerika, aber ich glaube der Liebevollste. Die Menschen hier sind sehr entspannt, jeder zweite läuft…
