{"id":2,"date":"2013-01-26T17:29:54","date_gmt":"2013-01-26T17:29:54","guid":{"rendered":"http:\/\/my-alps.de\/?page_id=2"},"modified":"2021-03-19T14:08:05","modified_gmt":"2021-03-19T13:08:05","slug":"sample-page","status":"publish","type":"page","link":"http:\/\/my-alps.de\/?page_id=2","title":{"rendered":"C &#038; A"},"content":{"rendered":"<p>Reiseerlebnisse zum nachlesen gibt es auf unserem Blog:<br \/>Einfach durch die Schlagwortwolke klicken und st\u00f6bern!<\/p>\n<div id=\"attachment_1784\" style=\"width: 1210px\" class=\"wp-caption aligncenter\"><a href=\"https:\/\/i0.wp.com\/my-alps.de\/wp-content\/uploads\/2013\/01\/Bullauge-12x12.jpg\"><img aria-describedby=\"caption-attachment-1784\" data-attachment-id=\"1784\" data-permalink=\"http:\/\/my-alps.de\/?attachment_id=1784\" data-orig-file=\"https:\/\/i0.wp.com\/my-alps.de\/wp-content\/uploads\/2013\/01\/Bullauge-12x12.jpg?fit=1200%2C1200\" data-orig-size=\"1200,1200\" data-comments-opened=\"1\" data-image-meta=\"{&quot;aperture&quot;:&quot;0&quot;,&quot;credit&quot;:&quot;&quot;,&quot;camera&quot;:&quot;&quot;,&quot;caption&quot;:&quot;&quot;,&quot;created_timestamp&quot;:&quot;0&quot;,&quot;copyright&quot;:&quot;&quot;,&quot;focal_length&quot;:&quot;0&quot;,&quot;iso&quot;:&quot;0&quot;,&quot;shutter_speed&quot;:&quot;0&quot;,&quot;title&quot;:&quot;&quot;}\" data-image-title=\"Bullauge 12&#215;12\" data-image-description=\"&lt;p&gt;Bullauge&lt;\/p&gt;\n\" data-image-caption=\"&lt;p&gt;Bullauge&lt;\/p&gt;\n\" data-medium-file=\"https:\/\/i0.wp.com\/my-alps.de\/wp-content\/uploads\/2013\/01\/Bullauge-12x12.jpg?fit=300%2C300\" data-large-file=\"https:\/\/i0.wp.com\/my-alps.de\/wp-content\/uploads\/2013\/01\/Bullauge-12x12.jpg?fit=625%2C625\" loading=\"lazy\" class=\"size-full wp-image-1784\" src=\"https:\/\/i0.wp.com\/my-alps.de\/wp-content\/uploads\/2013\/01\/Bullauge-12x12.jpg?resize=625%2C625\" alt=\"Bullauge\" width=\"625\" height=\"625\" srcset=\"https:\/\/i0.wp.com\/my-alps.de\/wp-content\/uploads\/2013\/01\/Bullauge-12x12.jpg?w=1200 1200w, https:\/\/i0.wp.com\/my-alps.de\/wp-content\/uploads\/2013\/01\/Bullauge-12x12.jpg?resize=290%2C290 290w, https:\/\/i0.wp.com\/my-alps.de\/wp-content\/uploads\/2013\/01\/Bullauge-12x12.jpg?resize=300%2C300 300w, https:\/\/i0.wp.com\/my-alps.de\/wp-content\/uploads\/2013\/01\/Bullauge-12x12.jpg?resize=1024%2C1024 1024w\" sizes=\"(max-width: 625px) 100vw, 625px\" data-recalc-dims=\"1\" \/><\/a><p id=\"caption-attachment-1784\" class=\"wp-caption-text\">Bullauge<\/p><\/div>\n<p>&#8222;RR&#8220; (<span style=\"text-decoration: underline;\">R<\/span>eise<span style=\"text-decoration: underline;\">R<\/span>es\u00fcmee)<\/p>\n<p>Nachdem unsere S\u00fcdamerika Reise jetzt schon &#8222;Vergangenheit&#8220; ist, bleibt Zeit um ein Res\u00fcmee zu ziehen.<br \/>Ein Jahr als Reisende unterwegs zu sein hat uns schon ver\u00e4ndert und den Blick f\u00fcr wesentliches und unwichtiges gesch\u00e4rft.<br \/>So lautet auch die meist gestellte Frage an uns:<br \/>&#8222;Was ist anders als vorher?&#8220; &#8211; oder &#8211; &#8222;Habt ihr euch ver\u00e4ndert?&#8220;<br \/>Klar, so ein Jahr ver\u00e4ndert einen &#8211; du bist jeden Tag unterwegs und alleine der sich st\u00e4ndig \u00e4ndernde Horizont verschiebt die Dinge auf die man blickt. Wir haben nach einem anderen Rhythmus gelebt als hier in Deutschland, wenn du deiner geregelten Arbeit nachgehst.<br \/>Man f\u00fchlt sich jeden Tag frei und ungebunden, und wenn es dir irgendwo gut gef\u00e4llt, dann bleibst du eben ein paar Tage l\u00e4nger.<br \/>Es fehlen die &#8222;Termine&#8220; die uns sonst den Tag strukturieren &#8211; daf\u00fcr hat man ganz andere Priorit\u00e4ten. Wo kann ich frisches Wasser tanken, wo schlafen wir heute Abend und wo gibt es endlich mal wieder ordentliches Brot?<br \/>Zuhause angekommen zehrt man von den Erlebnissen.<br \/>Die geben einem viel Kraft und wir sitzen oft Abends zusammen und pl\u00f6tzlich fragt einer: &#8222;Erinnerst du dich noch an den kleinen See in Chile, wo wir im str\u00f6menden Regen auf der Carretera Austral \u00fcbernachtet haben?&#8220;<\/p>\n<p>&#8230;.und dann f\u00e4ngt man wieder an zu tr\u00e4umen von der grossen weiten Welt und den Zielen die weit entfernt hinter dem Horizont liegen&#8230;.<\/p>\n<p>\u00a0<\/p>\n\n\n<p><\/p>\n","protected":false},"excerpt":{"rendered":"<p>Reiseerlebnisse zum nachlesen gibt es auf unserem Blog:Einfach durch die Schlagwortwolke klicken und st\u00f6bern! &#8222;RR&#8220; (ReiseRes\u00fcmee) Nachdem unsere S\u00fcdamerika Reise jetzt schon &#8222;Vergangenheit&#8220; ist, bleibt Zeit um ein Res\u00fcmee zu ziehen.Ein Jahr als Reisende unterwegs zu sein hat uns schon ver\u00e4ndert und den Blick f\u00fcr wesentliches und unwichtiges gesch\u00e4rft.So lautet auch die meist gestellte Frage [&hellip;]<\/p>\n","protected":false},"author":1,"featured_media":0,"parent":0,"menu_order":0,"comment_status":"open","ping_status":"open","template":"","meta":{"spay_email":""},"jetpack_sharing_enabled":true,"jetpack_shortlink":"https:\/\/wp.me\/P6huce-2","jetpack-related-posts":[{"id":1203,"url":"http:\/\/my-alps.de\/?page_id=1203","url_meta":{"origin":2,"position":0},"title":"&#8230;wir, der Grund und unser WOMO","date":"4. Juni 2014","format":false,"excerpt":"\u00a0 Hallo - und ein herzliches \"Servus\" auf unserer Homepage die unsere Verbindung nach \"Zu Hause\" bleiben soll. Wir beide haben uns entschlossen dem regul\u00e4ren Arbeitsleben in Deutschland f\u00fcr eine Weile den R\u00fccken zu kehren und unseren Traum von einer Auszeit Realit\u00e4t werden zu lassen. Und weil wir \"weg\" wollten\u2026","rel":"","context":"\u00c4hnlicher Beitrag","img":{"alt_text":"","src":"https:\/\/i0.wp.com\/my-alps.de\/wp-content\/uploads\/2013\/02\/Unser-Bimobil-genannt-Boomer.jpg?resize=350%2C200","width":350,"height":200},"classes":[]},{"id":466,"url":"http:\/\/my-alps.de\/?page_id=466","url_meta":{"origin":2,"position":1},"title":"Auf See mit der Grande Cameroon","date":"17. Dezember 2013","format":false,"excerpt":"Was macht man denn 30 Tage auf einem Frachter? \u00a0 \u201eSie\u201c schreibt dazu: \u00a0 Diese Frage h\u00f6rten wir sehr oft in diesem Jahr. Ist es doch im Rahmen der normalen 30-Tage-Jahresurlaub-B\u00fcrger wie auch wir es bisher waren, UN VOR STELL BAR, derart die Zeit zu verbringen. Ich hatte damit kein\u2026","rel":"","context":"\u00c4hnlicher Beitrag","img":{"alt_text":"","src":"https:\/\/i0.wp.com\/my-alps.de\/wp-content\/uploads\/2013\/12\/Freideck.jpg?resize=350%2C200","width":350,"height":200},"classes":[]},{"id":789,"url":"http:\/\/my-alps.de\/?page_id=789","url_meta":{"origin":2,"position":2},"title":"BIMOBIL VL 326","date":"4. M\u00e4rz 2014","format":false,"excerpt":"F\u00fcr Interessierte stelle ich mal ein paar Fakten von unserem mobilen Heim zu Verf\u00fcgung. Eventuell tr\u00e4gt sich ja jemand mit dem Gedanken auch f\u00fcr l\u00e4ngere Zeit mit dem WOMO zu verreisen. Und gute Tipps kann man(n) ja immer gut gebrauchen. Wie ich auf unserer Startseite schon geschrieben hatte, sind wir\u2026","rel":"","context":"Mit 4 Kommentaren","img":{"alt_text":"","src":"https:\/\/i0.wp.com\/my-alps.de\/wp-content\/uploads\/2014\/03\/Powerschrank.jpg?resize=350%2C200","width":350,"height":200},"classes":[]},{"id":592,"url":"http:\/\/my-alps.de\/?page_id=592","url_meta":{"origin":2,"position":3},"title":"Uruguay und Montevideo","date":"27. Januar 2014","format":false,"excerpt":"Nachdem wir in Montevideo unseren Frachter verlassen, die Zollformalit\u00e4ten erledig haben, sind wir auf einmal in S\u00fcdamerika. Das Gute daran ist das wir in Uruguay gelandet sind. Uruguay ist nicht gerade der gr\u00f6sste Staat in S\u00fcdamerika, aber ich glaube der Liebevollste. Die Menschen hier sind sehr entspannt, jeder zweite l\u00e4uft\u2026","rel":"","context":"\u00c4hnlicher Beitrag","img":{"alt_text":"","src":"","width":0,"height":0},"classes":[]},{"id":664,"url":"http:\/\/my-alps.de\/?page_id=664","url_meta":{"origin":2,"position":4},"title":"Daten und Technik","date":"6. Februar 2014","format":false,"excerpt":"Ich muss mal hier eine Lanze f\u00fcr den Herrn Liebe von BIMOBIL brechen. Wir r\u00fctteln und sch\u00fctteln unser WOMO auf \u00fcbeln Schotterpisten herum - doch die gesamte Einrichtung sitzt immer noch bombenfest. Da w\u00e4hren meine beiden vorhergehenden VW-Busse schon auseinandergefallen. Wir haben ja fast ein ganzes Jahr an den Wochenenden\u2026","rel":"","context":"\u00c4hnlicher Beitrag","img":{"alt_text":"","src":"","width":0,"height":0},"classes":[]},{"id":57,"url":"http:\/\/my-alps.de\/?page_id=57","url_meta":{"origin":2,"position":5},"title":"&#8230;und &#8211; wie kommt man am Besten hin?","date":"11. Februar 2013","format":false,"excerpt":"..das ist die Frage die uns ziemlich lange besch\u00e4ftigt hat, aber, am 22.10.2013 geht es mit dem Schiff von Hamburg nach Uruguay in den Hafen von Montevideo. Wir haben ziemlich viele Reiseberichte aus dem S\u00fcdamerika Forum durchgelesen und uns \u00fcberlegt ob wir unser Wohnmobil alleine verschiffen und hinterherfliegen - oder\u2026","rel":"","context":"\u00c4hnlicher Beitrag","img":{"alt_text":"","src":"","width":0,"height":0},"classes":[]}],"_links":{"self":[{"href":"http:\/\/my-alps.de\/index.php?rest_route=\/wp\/v2\/pages\/2"}],"collection":[{"href":"http:\/\/my-alps.de\/index.php?rest_route=\/wp\/v2\/pages"}],"about":[{"href":"http:\/\/my-alps.de\/index.php?rest_route=\/wp\/v2\/types\/page"}],"author":[{"embeddable":true,"href":"http:\/\/my-alps.de\/index.php?rest_route=\/wp\/v2\/users\/1"}],"replies":[{"embeddable":true,"href":"http:\/\/my-alps.de\/index.php?rest_route=%2Fwp%2Fv2%2Fcomments&post=2"}],"version-history":[{"count":60,"href":"http:\/\/my-alps.de\/index.php?rest_route=\/wp\/v2\/pages\/2\/revisions"}],"predecessor-version":[{"id":1963,"href":"http:\/\/my-alps.de\/index.php?rest_route=\/wp\/v2\/pages\/2\/revisions\/1963"}],"wp:attachment":[{"href":"http:\/\/my-alps.de\/index.php?rest_route=%2Fwp%2Fv2%2Fmedia&parent=2"}],"curies":[{"name":"wp","href":"https:\/\/api.w.org\/{rel}","templated":true}]}}

<p>Reiseerlebnisse zum nachlesen gibt es auf unserem Blog:<br />Einfach durch die Schlagwortwolke klicken und stöbern!</p>
<div id="attachment_1784" style="width: 1210px" class="wp-caption aligncenter"><a href="https://i0.wp.com/my-alps.de/wp-content/uploads/2013/01/Bullauge-12x12.jpg"><img aria-describedby="caption-attachment-1784" data-attachment-id="1784" data-permalink="http://my-alps.de/?attachment_id=1784" data-orig-file="https://i0.wp.com/my-alps.de/wp-content/uploads/2013/01/Bullauge-12x12.jpg?fit=1200%2C1200" data-orig-size="1200,1200" data-comments-opened="1" data-image-meta="{&quot;aperture&quot;:&quot;0&quot;,&quot;credit&quot;:&quot;&quot;,&quot;camera&quot;:&quot;&quot;,&quot;caption&quot;:&quot;&quot;,&quot;created_timestamp&quot;:&quot;0&quot;,&quot;copyright&quot;:&quot;&quot;,&quot;focal_length&quot;:&quot;0&quot;,&quot;iso&quot;:&quot;0&quot;,&quot;shutter_speed&quot;:&quot;0&quot;,&quot;title&quot;:&quot;&quot;}" data-image-title="Bullauge 12&#215;12" data-image-description="&lt;p&gt;Bullauge&lt;/p&gt;
" data-image-caption="&lt;p&gt;Bullauge&lt;/p&gt;
" data-medium-file="https://i0.wp.com/my-alps.de/wp-content/uploads/2013/01/Bullauge-12x12.jpg?fit=300%2C300" data-large-file="https://i0.wp.com/my-alps.de/wp-content/uploads/2013/01/Bullauge-12x12.jpg?fit=625%2C625" loading="lazy" class="size-full wp-image-1784" src="https://i0.wp.com/my-alps.de/wp-content/uploads/2013/01/Bullauge-12x12.jpg?resize=625%2C625" alt="Bullauge" width="625" height="625" srcset="https://i0.wp.com/my-alps.de/wp-content/uploads/2013/01/Bullauge-12x12.jpg?w=1200 1200w, https://i0.wp.com/my-alps.de/wp-content/uploads/2013/01/Bullauge-12x12.jpg?resize=290%2C290 290w, https://i0.wp.com/my-alps.de/wp-content/uploads/2013/01/Bullauge-12x12.jpg?resize=300%2C300 300w, https://i0.wp.com/my-alps.de/wp-content/uploads/2013/01/Bullauge-12x12.jpg?resize=1024%2C1024 1024w" sizes="(max-width: 625px) 100vw, 625px" data-recalc-dims="1" /></a><p id="caption-attachment-1784" class="wp-caption-text">Bullauge</p></div>
<p>&#8222;RR&#8220; (<span style="text-decoration: underline;">R</span>eise<span style="text-decoration: underline;">R</span>esümee)</p>
<p>Nachdem unsere Südamerika Reise jetzt schon &#8222;Vergangenheit&#8220; ist, bleibt Zeit um ein Resümee zu ziehen.<br />Ein Jahr als Reisende unterwegs zu sein hat uns schon verändert und den Blick für wesentliches und unwichtiges geschärft.<br />So lautet auch die meist gestellte Frage an uns:<br />&#8222;Was ist anders als vorher?&#8220; &#8211; oder &#8211; &#8222;Habt ihr euch verändert?&#8220;<br />Klar, so ein Jahr verändert einen &#8211; du bist jeden Tag unterwegs und alleine der sich ständig ändernde Horizont verschiebt die Dinge auf die man blickt. Wir haben nach einem anderen Rhythmus gelebt als hier in Deutschland, wenn du deiner geregelten Arbeit nachgehst.<br />Man fühlt sich jeden Tag frei und ungebunden, und wenn es dir irgendwo gut gefällt, dann bleibst du eben ein paar Tage länger.<br />Es fehlen die &#8222;Termine&#8220; die uns sonst den Tag strukturieren &#8211; dafür hat man ganz andere Prioritäten. Wo kann ich frisches Wasser tanken, wo schlafen wir heute Abend und wo gibt es endlich mal wieder ordentliches Brot?<br />Zuhause angekommen zehrt man von den Erlebnissen.<br />Die geben einem viel Kraft und wir sitzen oft Abends zusammen und plötzlich fragt einer: &#8222;Erinnerst du dich noch an den kleinen See in Chile, wo wir im strömenden Regen auf der Carretera Austral übernachtet haben?&#8220;</p>
<p>&#8230;.und dann fängt man wieder an zu träumen von der grossen weiten Welt und den Zielen die weit entfernt hinter dem Horizont liegen&#8230;.</p>
<p> </p>


<p></p>

<p>Reiseerlebnisse zum nachlesen gibt es auf unserem Blog:Einfach durch die Schlagwortwolke klicken und stöbern! &#8222;RR&#8220; (ReiseResümee) Nachdem unsere Südamerika Reise jetzt schon &#8222;Vergangenheit&#8220; ist, bleibt Zeit um ein Resümee zu ziehen.Ein Jahr als Reisende unterwegs zu sein hat uns schon verändert und den Blick für wesentliches und unwichtiges geschärft.So lautet auch die meist gestellte Frage [&hellip;]</p>

Hallo - und ein herzliches "Servus" auf unserer Homepage die unsere Verbindung nach "Zu Hause" bleiben soll. Wir beide haben uns entschlossen dem regulären Arbeitsleben in Deutschland für eine Weile den Rücken zu kehren und unseren Traum von einer Auszeit Realität werden zu lassen. Und weil wir "weg" wollten…

Ähnlicher Beitrag

Was macht man denn 30 Tage auf einem Frachter?   „Sie“ schreibt dazu:   Diese Frage hörten wir sehr oft in diesem Jahr. Ist es doch im Rahmen der normalen 30-Tage-Jahresurlaub-Bürger wie auch wir es bisher waren, UN VOR STELL BAR, derart die Zeit zu verbringen. Ich hatte damit kein…

4. März 2014

Für Interessierte stelle ich mal ein paar Fakten von unserem mobilen Heim zu Verfügung. Eventuell trägt sich ja jemand mit dem Gedanken auch für längere Zeit mit dem WOMO zu verreisen. Und gute Tipps kann man(n) ja immer gut gebrauchen. Wie ich auf unserer Startseite schon geschrieben hatte, sind wir…

Nachdem wir in Montevideo unseren Frachter verlassen, die Zollformalitäten erledig haben, sind wir auf einmal in Südamerika. Das Gute daran ist das wir in Uruguay gelandet sind. Uruguay ist nicht gerade der grösste Staat in Südamerika, aber ich glaube der Liebevollste. Die Menschen hier sind sehr entspannt, jeder zweite läuft…

Ich muss mal hier eine Lanze für den Herrn Liebe von BIMOBIL brechen. Wir rütteln und schütteln unser WOMO auf übeln Schotterpisten herum - doch die gesamte Einrichtung sitzt immer noch bombenfest. Da währen meine beiden vorhergehenden VW-Busse schon auseinandergefallen. Wir haben ja fast ein ganzes Jahr an den Wochenenden…

..das ist die Frage die uns ziemlich lange beschäftigt hat, aber, am 22.10.2013 geht es mit dem Schiff von Hamburg nach Uruguay in den Hafen von Montevideo. Wir haben ziemlich viele Reiseberichte aus dem Südamerika Forum durchgelesen und uns überlegt ob wir unser Wohnmobil alleine verschiffen und hinterherfliegen - oder…
