{"id":1163,"date":"2014-05-20T18:30:13","date_gmt":"2014-05-20T16:30:13","guid":{"rendered":"http:\/\/my-alps.de\/?page_id=1163"},"modified":"2014-05-20T18:30:13","modified_gmt":"2014-05-20T16:30:13","slug":"chiles-wilder-sueden-carretera-austral","status":"publish","type":"page","link":"http:\/\/my-alps.de\/?page_id=1163","title":{"rendered":"Chiles wilder S\u00fcden &#8211; Carretera Austral"},"content":{"rendered":"<p>&#8230;copy einsetzen&#8230;<\/p>\n","protected":false},"excerpt":{"rendered":"<p>&#8230;copy einsetzen&#8230;<\/p>\n","protected":false},"author":1,"featured_media":0,"parent":225,"menu_order":0,"comment_status":"open","ping_status":"open","template":"page-templates\/full-width.php","meta":{"spay_email":""},"jetpack_sharing_enabled":true,"jetpack_shortlink":"https:\/\/wp.me\/P6huce-iL","jetpack-related-posts":[{"id":2,"url":"http:\/\/my-alps.de\/?page_id=2","url_meta":{"origin":1163,"position":0},"title":"C &#038; A","date":"26. Januar 2013","format":false,"excerpt":"Reiseerlebnisse zum nachlesen gibt es auf unserem Blog:Einfach durch die Schlagwortwolke klicken und st\u00f6bern! \"RR\" (ReiseRes\u00fcmee) Nachdem unsere S\u00fcdamerika Reise jetzt schon \"Vergangenheit\" ist, bleibt Zeit um ein Res\u00fcmee zu ziehen.Ein Jahr als Reisende unterwegs zu sein hat uns schon ver\u00e4ndert und den Blick f\u00fcr wesentliches und unwichtiges gesch\u00e4rft.So lautet\u2026","rel":"","context":"Mit 2 Kommentaren","img":{"alt_text":"","src":"https:\/\/i0.wp.com\/my-alps.de\/wp-content\/uploads\/2013\/01\/Bullauge-12x12.jpg?resize=350%2C200","width":350,"height":200},"classes":[]},{"id":595,"url":"http:\/\/my-alps.de\/?page_id=595","url_meta":{"origin":1163,"position":1},"title":"Tierra Del Fuego","date":"27. Januar 2014","format":false,"excerpt":"Feuerland - der Name bringt jeden Reisenden und Abenteurer zum schw\u00e4rmen. Unentdecktes Land, Wildnis und schweres Wetter machen es zu einer Herausforderung. \u00a0 Wir hatten es da ein wenig einfacher - wir sind auf unserer Reise in den S\u00fcden nach Ushuaia eh\u2019 durch Feuerland gefahren. Als die Seefahrer, die mit\u2026","rel":"","context":"\u00c4hnlicher Beitrag","img":{"alt_text":"","src":"","width":0,"height":0},"classes":[]},{"id":921,"url":"http:\/\/my-alps.de\/?page_id=921","url_meta":{"origin":1163,"position":2},"title":"GPS Daten &#8211; Stellpl\u00e4tze &#8211; (Karten)","date":"26. M\u00e4rz 2014","format":false,"excerpt":"Hier laden wir in lockerer Reihenfolge Karten hoch, die wir aus unserem Garmin GPS und unserer Garmin Software erzeugen k\u00f6nnen. Als Karten verwenden wir die Routingf\u00e4higen Karten von OSM. Wir haben eine Karten f\u00fcr ganz S\u00fcdamerika und die jeweiligen L\u00e4nderkarten (sind etwas genauer). Papierkarten verwenden wir um einen \u00dcberblick zu\u2026","rel":"","context":"\u00c4hnlicher Beitrag","img":{"alt_text":"","src":"","width":0,"height":0},"classes":[]}],"_links":{"self":[{"href":"http:\/\/my-alps.de\/index.php?rest_route=\/wp\/v2\/pages\/1163"}],"collection":[{"href":"http:\/\/my-alps.de\/index.php?rest_route=\/wp\/v2\/pages"}],"about":[{"href":"http:\/\/my-alps.de\/index.php?rest_route=\/wp\/v2\/types\/page"}],"author":[{"embeddable":true,"href":"http:\/\/my-alps.de\/index.php?rest_route=\/wp\/v2\/users\/1"}],"replies":[{"embeddable":true,"href":"http:\/\/my-alps.de\/index.php?rest_route=%2Fwp%2Fv2%2Fcomments&post=1163"}],"version-history":[{"count":1,"href":"http:\/\/my-alps.de\/index.php?rest_route=\/wp\/v2\/pages\/1163\/revisions"}],"predecessor-version":[{"id":1164,"href":"http:\/\/my-alps.de\/index.php?rest_route=\/wp\/v2\/pages\/1163\/revisions\/1164"}],"up":[{"embeddable":true,"href":"http:\/\/my-alps.de\/index.php?rest_route=\/wp\/v2\/pages\/225"}],"wp:attachment":[{"href":"http:\/\/my-alps.de\/index.php?rest_route=%2Fwp%2Fv2%2Fmedia&parent=1163"}],"curies":[{"name":"wp","href":"https:\/\/api.w.org\/{rel}","templated":true}]}}

Chiles wilder Süden &#8211; Carretera Austral

Reiseerlebnisse zum nachlesen gibt es auf unserem Blog:Einfach durch die Schlagwortwolke klicken und stöbern! "RR" (ReiseResümee) Nachdem unsere Südamerika Reise jetzt schon "Vergangenheit" ist, bleibt Zeit um ein Resümee zu ziehen.Ein Jahr als Reisende unterwegs zu sein hat uns schon verändert und den Blick für wesentliches und unwichtiges geschärft.So lautet…

Feuerland - der Name bringt jeden Reisenden und Abenteurer zum schwärmen. Unentdecktes Land, Wildnis und schweres Wetter machen es zu einer Herausforderung.   Wir hatten es da ein wenig einfacher - wir sind auf unserer Reise in den Süden nach Ushuaia eh’ durch Feuerland gefahren. Als die Seefahrer, die mit…

Ähnlicher Beitrag

GPS Daten &#8211; Stellplätze &#8211; (Karten)

26. März 2014

Hier laden wir in lockerer Reihenfolge Karten hoch, die wir aus unserem Garmin GPS und unserer Garmin Software erzeugen können. Als Karten verwenden wir die Routingfähigen Karten von OSM. Wir haben eine Karten für ganz Südamerika und die jeweiligen Länderkarten (sind etwas genauer). Papierkarten verwenden wir um einen Überblick zu…
